{"id":481,"date":"2022-08-12T23:25:41","date_gmt":"2022-08-13T02:25:41","guid":{"rendered":"https:\/\/shmupmania.com.br\/?post_type=product&#038;p=481"},"modified":"2026-01-07T19:40:30","modified_gmt":"2026-01-07T22:40:30","slug":"revista-n-3","status":"publish","type":"product","link":"https:\/\/shmupmania.com.br\/?product=revista-n-3","title":{"rendered":"Shmup Mania N\u00b0 3 (Pr\u00e9-venda do reprint)"},"content":{"rendered":"<p>A terceira edi\u00e7\u00e3o da revista Shmup Mania contendo:<\/p>\n<ul>\n<li>Detalhes exclusivos sobre o mais novo shoot &#8216;em up da NGDEV: Gunvein<\/li>\n<li>Entrevista com o desenvolvedor do software Shmup Creator<\/li>\n<li>Review especial do Drainus, um shmup diferenciado desenvolvido pelo Team Ladybug<\/li>\n<li>Os shmups lan\u00e7ados para o mais popular console da terceira gera\u00e7\u00e3o de v\u00eddeo games<\/li>\n<li>Detalhes de uma edi\u00e7\u00e3o especial de colecionador indispens\u00e1vel para qualquer f\u00e3 de shmups<\/li>\n<li>Entrevista exclusiva com um membro da comunidade de f\u00e3s de shmups<\/li>\n<li>An\u00e1lise de uma ferramenta de desenvolvimento de shmups para o computador brit\u00e2nico mais amado em todo o mundo<\/li>\n<li>E muito mais!<\/li>\n<\/ul>\n","protected":false},"excerpt":{"rendered":"<p>Pr\u00e9-venda do reprint da terceira edi\u00e7\u00e3o da revista Shmup Mania.<\/p>\n<p><span style=\"color: #ff0000;\"><strong>A previs\u00e3o de envio \u00e9 dezembro\/2025.<\/strong><\/span><\/p>\n","protected":false},"featured_media":735,"comment_status":"closed","ping_status":"closed","template":"","meta":[],"product_brand":[],"product_cat":[45],"product_tag":[],"class_list":{"0":"post-481","1":"product","2":"type-product","3":"status-publish","4":"has-post-thumbnail","6":"product_cat-revistas","7":"product_shipping_class-correios","9":"first","10":"outofstock","11":"shipping-taxable","12":"purchasable","13":"product-type-simple"},"yoast_head":"<!-- This site is optimized with the Yoast SEO plugin v27.3 - https:\/\/yoast.com\/product\/yoast-seo-wordpress\/ -->\n<title>Shmup Mania N\u00b0 3 (Pr\u00e9-venda do reprint) - Shmup Mania<\/title>\n<meta name=\"robots\" content=\"index, follow, max-snippet:-1, max-image-preview:large, max-video-preview:-1\" \/>\n<link rel=\"canonical\" href=\"https:\/\/shmupmania.com.br\/?product=revista-n-3\" \/>\n<meta property=\"og:locale\" content=\"pt_BR\" \/>\n<meta property=\"og:type\" content=\"article\" \/>\n<meta property=\"og:title\" content=\"Shmup Mania N\u00b0 3 (Pr\u00e9-venda do reprint) - Shmup Mania\" \/>\n<meta property=\"og:description\" content=\"Pr\u00e9-venda do reprint da terceira edi\u00e7\u00e3o da revista Shmup Mania.  A previs\u00e3o de envio \u00e9 dezembro\/2025.\" \/>\n<meta property=\"og:url\" content=\"https:\/\/shmupmania.com.br\/?product=revista-n-3\" \/>\n<meta property=\"og:site_name\" content=\"Shmup Mania\" \/>\n<meta property=\"article:publisher\" content=\"https:\/\/www.facebook.com\/groups\/154479990165334\" \/>\n<meta property=\"article:modified_time\" content=\"2026-01-07T22:40:30+00:00\" \/>\n<meta property=\"og:image\" content=\"https:\/\/shmupmania.com.br\/wp-content\/uploads\/2022\/08\/01_SM03_Capa_thumb3.jpg\" \/>\n\t<meta property=\"og:image:width\" content=\"207\" \/>\n\t<meta property=\"og:image:height\" content=\"268\" \/>\n\t<meta property=\"og:image:type\" content=\"image\/jpeg\" \/>\n<meta name=\"twitter:card\" content=\"summary_large_image\" \/>\n<meta name=\"twitter:site\" content=\"@Shmup_Mania\" \/>\n<meta name=\"twitter:label1\" content=\"Est. tempo de leitura\" \/>\n\t<meta name=\"twitter:data1\" content=\"1 minuto\" \/>\n<script type=\"application\/ld+json\" class=\"yoast-schema-graph\">{\"@context\":\"https:\\\/\\\/schema.org\",\"@graph\":[{\"@type\":\"WebPage\",\"@id\":\"https:\\\/\\\/shmupmania.com.br\\\/?product=revista-n-3\",\"url\":\"https:\\\/\\\/shmupmania.com.br\\\/?product=revista-n-3\",\"name\":\"Shmup Mania N\u00b0 3 (Pr\u00e9-venda do reprint) - Shmup Mania\",\"isPartOf\":{\"@id\":\"https:\\\/\\\/shmupmania.com.br\\\/#website\"},\"primaryImageOfPage\":{\"@id\":\"https:\\\/\\\/shmupmania.com.br\\\/?product=revista-n-3#primaryimage\"},\"image\":{\"@id\":\"https:\\\/\\\/shmupmania.com.br\\\/?product=revista-n-3#primaryimage\"},\"thumbnailUrl\":\"https:\\\/\\\/shmupmania.com.br\\\/wp-content\\\/uploads\\\/2022\\\/08\\\/01_SM03_Capa_thumb3.jpg\",\"datePublished\":\"2022-08-13T02:25:41+00:00\",\"dateModified\":\"2026-01-07T22:40:30+00:00\",\"breadcrumb\":{\"@id\":\"https:\\\/\\\/shmupmania.com.br\\\/?product=revista-n-3#breadcrumb\"},\"inLanguage\":\"pt-BR\",\"potentialAction\":[{\"@type\":\"ReadAction\",\"target\":[\"https:\\\/\\\/shmupmania.com.br\\\/?product=revista-n-3\"]}]},{\"@type\":\"ImageObject\",\"inLanguage\":\"pt-BR\",\"@id\":\"https:\\\/\\\/shmupmania.com.br\\\/?product=revista-n-3#primaryimage\",\"url\":\"https:\\\/\\\/shmupmania.com.br\\\/wp-content\\\/uploads\\\/2022\\\/08\\\/01_SM03_Capa_thumb3.jpg\",\"contentUrl\":\"https:\\\/\\\/shmupmania.com.br\\\/wp-content\\\/uploads\\\/2022\\\/08\\\/01_SM03_Capa_thumb3.jpg\",\"width\":207,\"height\":268},{\"@type\":\"BreadcrumbList\",\"@id\":\"https:\\\/\\\/shmupmania.com.br\\\/?product=revista-n-3#breadcrumb\",\"itemListElement\":[{\"@type\":\"ListItem\",\"position\":1,\"name\":\"Home\",\"item\":\"https:\\\/\\\/shmupmania.com.br\\\/\"},{\"@type\":\"ListItem\",\"position\":2,\"name\":\"Loja\",\"item\":\"https:\\\/\\\/shmupmania.com.br\\\/?page_id=88\"},{\"@type\":\"ListItem\",\"position\":3,\"name\":\"Shmup Mania N\u00b0 3 (Pr\u00e9-venda do reprint)\"}]},{\"@type\":\"WebSite\",\"@id\":\"https:\\\/\\\/shmupmania.com.br\\\/#website\",\"url\":\"https:\\\/\\\/shmupmania.com.br\\\/\",\"name\":\"Shmup Mania\",\"description\":\"A revista dos shoot &#039;em ups\",\"publisher\":{\"@id\":\"https:\\\/\\\/shmupmania.com.br\\\/#organization\"},\"potentialAction\":[{\"@type\":\"SearchAction\",\"target\":{\"@type\":\"EntryPoint\",\"urlTemplate\":\"https:\\\/\\\/shmupmania.com.br\\\/?s={search_term_string}\"},\"query-input\":{\"@type\":\"PropertyValueSpecification\",\"valueRequired\":true,\"valueName\":\"search_term_string\"}}],\"inLanguage\":\"pt-BR\"},{\"@type\":\"Organization\",\"@id\":\"https:\\\/\\\/shmupmania.com.br\\\/#organization\",\"name\":\"Shmup Mania\",\"url\":\"https:\\\/\\\/shmupmania.com.br\\\/\",\"logo\":{\"@type\":\"ImageObject\",\"inLanguage\":\"pt-BR\",\"@id\":\"https:\\\/\\\/shmupmania.com.br\\\/#\\\/schema\\\/logo\\\/image\\\/\",\"url\":\"https:\\\/\\\/shmupmania.com.br\\\/wp-content\\\/uploads\\\/2021\\\/09\\\/logo.jpeg\",\"contentUrl\":\"https:\\\/\\\/shmupmania.com.br\\\/wp-content\\\/uploads\\\/2021\\\/09\\\/logo.jpeg\",\"width\":498,\"height\":224,\"caption\":\"Shmup Mania\"},\"image\":{\"@id\":\"https:\\\/\\\/shmupmania.com.br\\\/#\\\/schema\\\/logo\\\/image\\\/\"},\"sameAs\":[\"https:\\\/\\\/www.facebook.com\\\/groups\\\/154479990165334\",\"https:\\\/\\\/x.com\\\/Shmup_Mania\"]}]}<\/script>\n<!-- \/ Yoast SEO plugin. -->","yoast_head_json":{"title":"Shmup Mania N\u00b0 3 (Pr\u00e9-venda do reprint) - Shmup Mania","robots":{"index":"index","follow":"follow","max-snippet":"max-snippet:-1","max-image-preview":"max-image-preview:large","max-video-preview":"max-video-preview:-1"},"canonical":"https:\/\/shmupmania.com.br\/?product=revista-n-3","og_locale":"pt_BR","og_type":"article","og_title":"Shmup Mania N\u00b0 3 (Pr\u00e9-venda do reprint) - Shmup Mania","og_description":"Pr\u00e9-venda do reprint da terceira edi\u00e7\u00e3o da revista Shmup Mania.  A previs\u00e3o de envio \u00e9 dezembro\/2025.","og_url":"https:\/\/shmupmania.com.br\/?product=revista-n-3","og_site_name":"Shmup Mania","article_publisher":"https:\/\/www.facebook.com\/groups\/154479990165334","article_modified_time":"2026-01-07T22:40:30+00:00","og_image":[{"width":207,"height":268,"url":"https:\/\/shmupmania.com.br\/wp-content\/uploads\/2022\/08\/01_SM03_Capa_thumb3.jpg","type":"image\/jpeg"}],"twitter_card":"summary_large_image","twitter_site":"@Shmup_Mania","twitter_misc":{"Est. tempo de leitura":"1 minuto"},"schema":{"@context":"https:\/\/schema.org","@graph":[{"@type":"WebPage","@id":"https:\/\/shmupmania.com.br\/?product=revista-n-3","url":"https:\/\/shmupmania.com.br\/?product=revista-n-3","name":"Shmup Mania N\u00b0 3 (Pr\u00e9-venda do reprint) - Shmup Mania","isPartOf":{"@id":"https:\/\/shmupmania.com.br\/#website"},"primaryImageOfPage":{"@id":"https:\/\/shmupmania.com.br\/?product=revista-n-3#primaryimage"},"image":{"@id":"https:\/\/shmupmania.com.br\/?product=revista-n-3#primaryimage"},"thumbnailUrl":"https:\/\/shmupmania.com.br\/wp-content\/uploads\/2022\/08\/01_SM03_Capa_thumb3.jpg","datePublished":"2022-08-13T02:25:41+00:00","dateModified":"2026-01-07T22:40:30+00:00","breadcrumb":{"@id":"https:\/\/shmupmania.com.br\/?product=revista-n-3#breadcrumb"},"inLanguage":"pt-BR","potentialAction":[{"@type":"ReadAction","target":["https:\/\/shmupmania.com.br\/?product=revista-n-3"]}]},{"@type":"ImageObject","inLanguage":"pt-BR","@id":"https:\/\/shmupmania.com.br\/?product=revista-n-3#primaryimage","url":"https:\/\/shmupmania.com.br\/wp-content\/uploads\/2022\/08\/01_SM03_Capa_thumb3.jpg","contentUrl":"https:\/\/shmupmania.com.br\/wp-content\/uploads\/2022\/08\/01_SM03_Capa_thumb3.jpg","width":207,"height":268},{"@type":"BreadcrumbList","@id":"https:\/\/shmupmania.com.br\/?product=revista-n-3#breadcrumb","itemListElement":[{"@type":"ListItem","position":1,"name":"Home","item":"https:\/\/shmupmania.com.br\/"},{"@type":"ListItem","position":2,"name":"Loja","item":"https:\/\/shmupmania.com.br\/?page_id=88"},{"@type":"ListItem","position":3,"name":"Shmup Mania N\u00b0 3 (Pr\u00e9-venda do reprint)"}]},{"@type":"WebSite","@id":"https:\/\/shmupmania.com.br\/#website","url":"https:\/\/shmupmania.com.br\/","name":"Shmup Mania","description":"A revista dos shoot &#039;em ups","publisher":{"@id":"https:\/\/shmupmania.com.br\/#organization"},"potentialAction":[{"@type":"SearchAction","target":{"@type":"EntryPoint","urlTemplate":"https:\/\/shmupmania.com.br\/?s={search_term_string}"},"query-input":{"@type":"PropertyValueSpecification","valueRequired":true,"valueName":"search_term_string"}}],"inLanguage":"pt-BR"},{"@type":"Organization","@id":"https:\/\/shmupmania.com.br\/#organization","name":"Shmup Mania","url":"https:\/\/shmupmania.com.br\/","logo":{"@type":"ImageObject","inLanguage":"pt-BR","@id":"https:\/\/shmupmania.com.br\/#\/schema\/logo\/image\/","url":"https:\/\/shmupmania.com.br\/wp-content\/uploads\/2021\/09\/logo.jpeg","contentUrl":"https:\/\/shmupmania.com.br\/wp-content\/uploads\/2021\/09\/logo.jpeg","width":498,"height":224,"caption":"Shmup Mania"},"image":{"@id":"https:\/\/shmupmania.com.br\/#\/schema\/logo\/image\/"},"sameAs":["https:\/\/www.facebook.com\/groups\/154479990165334","https:\/\/x.com\/Shmup_Mania"]}]}},"_links":{"self":[{"href":"https:\/\/shmupmania.com.br\/index.php?rest_route=\/wp\/v2\/product\/481","targetHints":{"allow":["GET"]}}],"collection":[{"href":"https:\/\/shmupmania.com.br\/index.php?rest_route=\/wp\/v2\/product"}],"about":[{"href":"https:\/\/shmupmania.com.br\/index.php?rest_route=\/wp\/v2\/types\/product"}],"replies":[{"embeddable":true,"href":"https:\/\/shmupmania.com.br\/index.php?rest_route=%2Fwp%2Fv2%2Fcomments&post=481"}],"wp:featuredmedia":[{"embeddable":true,"href":"https:\/\/shmupmania.com.br\/index.php?rest_route=\/wp\/v2\/media\/735"}],"wp:attachment":[{"href":"https:\/\/shmupmania.com.br\/index.php?rest_route=%2Fwp%2Fv2%2Fmedia&parent=481"}],"wp:term":[{"taxonomy":"product_brand","embeddable":true,"href":"https:\/\/shmupmania.com.br\/index.php?rest_route=%2Fwp%2Fv2%2Fproduct_brand&post=481"},{"taxonomy":"product_cat","embeddable":true,"href":"https:\/\/shmupmania.com.br\/index.php?rest_route=%2Fwp%2Fv2%2Fproduct_cat&post=481"},{"taxonomy":"product_tag","embeddable":true,"href":"https:\/\/shmupmania.com.br\/index.php?rest_route=%2Fwp%2Fv2%2Fproduct_tag&post=481"}],"curies":[{"name":"wp","href":"https:\/\/api.w.org\/{rel}","templated":true}]}}